
0
Let c(s) = -s**2 - 5*s - 2. Suppose 4*f + 1 = -3*p - 12, -p + 1 = 0. Determine c(f).
2
Let b(r) = -3*r**2 - r - 8. Let p(f) = -f**2 - f - 4. Let u(y) = 2*b(y) - 5*p(y). Calculate u(3).
4
Let d(i) = -4*i + 6*i**2 + 228*i**3 - 229*i**3 - 5 + 0*i. What is d(5)?
0
Suppose 0 = d - 5*w + 4, 0 = 2*d - w - 10. Let x(q) = -q**3 + 5*q**2 + 8*q - 1. Calculate x(d).
11
Let p be 1*6*(-5)/(-10). Let g(i) = 2*i + p*i**2 - 7*i - 2*i**2. Let n(w) = w**3 - w**2 - 3*w - 4. Let q be n(3). Determine g(q).
0
Suppose -5*i - 4*p + 25 = 0, -2*i - 3*p + 16 = -1. Let j(a) be the first derivative of a**2 - 1. Calculate j(i).
2
Let j(y) be the first derivative of -y**3/2 + y**2/2 - 3*y - 4. Let k(p) be the first derivative of j(p). Let o(n) = n**2 - n + 2. Let b be o(0). Give k(b).
-5
Suppose 3*w + 14 = -1. Let p(g) = g + 1. Let m(q) = q**2 - 2*q - 10. Let l(o) = -m(o) - 5*p(o). What is l(w)?
-5
Let k(a) = 7*a + 2. Suppose 8 = -2*n, 2*n - 4*n - 4 = -2*s. Determine k(s).
-12
Let c be (-8)/6*(-114)/4. Suppose -4*l = -6 - c. Let b be 39/(-33) - (-2)/l. Let z(w) = -5*w**2 - w. Determine z(b).
-4
Let i(g) be the second derivative of -g**8/6720 - g**7/2520 - g**6/360 - g**5/120 + g**4/12 + 2*g. Let r(c) be the third derivative of i(c). Calculate r(-2).
7
Let k(d) be the first derivative of -d**5/60 - 5*d**4/24 + d**3/6 + d**2 + 7. Let o(f) be the second derivative of k(f). What is o(-4)?
5
Let l(q) = -q**3 - 3*q**2 - 3*q - 1. Let c = -76 + 74. What is l(c)?
1
Let t be 219/15 - 6/10. Let z = t - 14. Let s(r) be the second derivative of -r**3/6 + 2*r**2 + r. Give s(z).
4
Let k(n) = -3*n**3 + 10*n**2 - 10*n - 7. Let z(i) = -2*i**3 + 7*i**2 - 7*i - 5. Let d(h) = -5*k(h) + 7*z(h). Give d(1).
1
Let o be -2*(-9)/(-6) - -2. Let l(n) = -3*n + 2. Let w(s) = s - 1. Let b(t) = -l(t) - w(t). Determine b(o).
-3
Let s(c) = c - 2. Let i(o) = -o + 1. Let u(x) = 5*i(x) + 4*s(x). Calculate u(-9).
6
Let n(a) = 4 + 2*a**2 - 3 - 5*a**2. What is n(2)?
-11
Let q be (-8)/(-2 + 16/10). Suppose 3*s + q = 7*s. Let u(f) = f**2 - 4*f - 1. Give u(s).
4
Let c(m) = -7 + 84*m - 83*m + 17. Determine c(-9).
1
Let r = -11 + 6. Let i be (r - -3)/((-1)/2). Let m(k) = -k**2 + 3*k + 2. Determine m(i).
-2
Let j(r) = -r**3 - 3*r**2 + 6*r + 6. Let h(y) be the third derivative of -y**4/24 - 13*y**3/6 + 2*y**2. Let s be h(-9). Give j(s).
-2
Let g = -3 + 9. Let b(p) = -g*p + p**2 - 2 + 0*p**3 + p**3 + 4*p - 3*p. What is b(-3)?
-5
Let w(f) be the third derivative of -f**4/24 + f**3/6 + 10*f**2. Determine w(5).
-4
Let d(l) = l**3 - 2*l**2 - 1. Suppose 28 = 4*n + 5*x, 11 = -4*n - 3*x + 31. Suppose 0 = -3*t - 9, 2*v + 4 = v - n*t. Determine d(v).
-1
Let w be 1/(-2) - 5/(-10). Suppose -5*q = -4*i + 33, w = 4*i + 5*q - 3*q + 2. Suppose y + 2*y + 19 = 2*g, y - i*g + 9 = 0. Let v(x) = x + 2. Calculate v(y).
-3
Let d(j) = -j**2 - 7*j + 5. Suppose -2*i + i = 4*u + 25, -u - 4*i = -5. Determine d(u).
5
Let z(f) be the first derivative of f**2/2 + 9*f - 4. Let w(b) = 1. Let c(y) = 6*w(y) - z(y). What is c(0)?
-3
Suppose 10*p - 20 = -80. Let l(r) = 5*r - 2*r + 3*r + 4*r**2 - 3*r**2. What is l(p)?
0
Let d(j) = 8*j**2 - j + 2. Let f be d(1). Suppose 5*k - 6 = f. Let h(c) = -c**2 + 4*c - 1. Calculate h(k).
2
Suppose i + 2*i = -24. Let q(j) = j**3 + 8*j**2 - 3. Calculate q(i).
-3
Let m(u) = u**3 - 1 + 2 - 2. Give m(-1).
-2
Let y(j) = -5*j**2 - 7*j + 9. Let c(s) = s**2 - 1. Let k(i) = 7*i**2 + 8*i - 11. Let g(a) = c(a) - k(a). Let d(f) = 4*g(f) - 5*y(f). Calculate d(-6).
13
Let y(q) = -q**2 + 3 - q + 11*q - 2*q + 2*q**2. Calculate y(-5).
-12
Suppose 5*j + 18 = 2*j. Let b(u) = -u**3 - 5*u**2 + 6*u. Determine b(j).
0
Let a(h) be the first derivative of -h**2/2 + h - 31. Let z(b) = b**3 + 1. Let m be z(1). Determine a(m).
-1
Let s be (-2)/7 - 148/(-28). Suppose -5*n = 5*j - 0*j + 60, n = -4*j - 36. Let y = s + j. Let h(i) = i**3 + 5*i**2 + 3*i + 3. Determine h(y).
12
Let z(h) = -11*h - 19. Let u(x) = -3*x + 9 + 3*x + 7*x - 2*x. Let r(d) = -9*u(d) - 4*z(d). Determine r(0).
-5
Let d = -2 - -3. Let a(u) be the second derivative of -u**3/2 + 16*u. What is a(d)?
-3
Suppose -r - s - 6 = 0, -s + 4*s = -r - 14. Let w be r/7 - (-6)/21. Let m(l) = -l**2 - 1. Determine m(w).
-1
Let f = -5 + 4. Let h(z) be the second derivative of z**5/30 + z**4/12 + z**3/6 + z**2 + 4*z. Let v(r) be the first derivative of h(r). What is v(f)?
1
Suppose -6*r - m - 9 = -5*r, 2*m = 2*r + 6. Let l(t) = t + 8. What is l(r)?
2
Let w(f) = -f**2 + 7*f + 7. Let z(i) = 9*i**2 + i. Let r(y) = y - 7. Let x be r(6). Let g be z(x). What is w(g)?
-1
Let t(u) = -2*u - u**2 - 7 + 8 - 2*u. Let b(h) = -h + 10. Let k be b(-7). Let s(a) = -3*a**2 - 12*a + 3. Let q(f) = k*t(f) - 6*s(f). What is q(-3)?
-4
Suppose 2*l + 5 = 3*l. Suppose 3*o = 4*f - 23, 5*f + 4*o = l*o + 15. Let z(r) = r**2 - f*r - 3*r - 4 + 4*r. What is z(0)?
-4
Let s(m) be the first derivative of 2 - 1/2*m**2 - m - 2/3*m**3. Determine s(-2).
-7
Let j = 29 - 23. Let m(y) = y**3 - 7*y**2 + 4*y + 4. What is m(j)?
-8
Let j(m) = m**3 + 2*m**2 + 2*m + 2. Let w be j(0). Let h(z) = z + 1. Let p be h(3). Let r(v) = -v**3 - 2 + 4*v**2 - 3*v**2 + p - v. Determine r(w).
-4
Let h(o) = 4*o**3 - o. Let p = 75 - 74. Give h(p).
3
Let a(m) be the first derivative of m**2/2 - 2*m + 5. Suppose -4*r + 2*r + 4 = 0. Calculate a(r).
0
Let g(w) = -w**2 - 6*w - 6. Suppose -3*x - 16 = x. Determine g(x).
2
Suppose 3*q - 20 = -2*q. Suppose 22 = 2*c + q*n, c - n + 2 + 2 = 0. Let l(v) be the second derivative of -v**3/6 - v. What is l(c)?
-1
Let a(k) = -4*k. Let m(z) = -7*z - 1. Let j(r) = -11*a(r) + 6*m(r). What is j(7)?
8
Let t(k) be the third derivative of -2*k**2 + 1/10*k**5 + 0*k + 0 + 1/120*k**6 - 7/24*k**4 - 3/2*k**3. What is t(-7)?
-9
Let q(c) = c**3 + 8*c**2 + 2*c + 11. Let b be q(-8). Let x = 7 + b. Let i(u) = u**2 - 1. Give i(x).
3
Let c(w) = w**2 + 3*w - 3. Suppose -2*n + 20 = 3*n. Suppose 2*p + n*m = 20, 0*m + 2*m - 10 = 0. Let d = p - 5. What is c(d)?
7
Let i(j) be the third derivative of -j**6/120 + j**5/20 + j**4/6 + j**3/6 - 6*j**2 - 3. Calculate i(4).
1
Let o(h) = 2*h + 0*h - 1 - h - h**2. Let f be (0 + -2)*12/4. Let t = f + 6. Determine o(t).
-1
Let v(l) = -l**2 + 8*l + 3. Let i be v(8). Let p(h) = -2*h - 4 + i*h + 0*h. Let b(m) = m**3 - 6*m**2 - 7*m + 4. Let z be b(7). Determine p(z).
0
Let c(q) = q**3 + 5*q**2 - 6*q. Let i be c(-6). Suppose i = -3*o + 5*o + 4. Let s(t) be the second derivative of -t**5/20 - t**4/6 + t**3/6 + t. Calculate s(o).
-2
Let q(d) = -d**2 - 7*d - 6. Let r(h) = -h**3 - 6*h**2 - h - 8. Let t be r(-6). Let a be 1/2*t*-1. Suppose -y - 3 = a. Give q(y).
6
Suppose 5*q = -25 - 0. Let d(v) be the second derivative of 0 + 7/2*v**2 - 1/12*v**4 - 2/3*v**3 + 2*v. Determine d(q).
2
Let r be (0 + 0)*(-3 - -4). Suppose 2*u + 3*u + 5 = r. Let z(h) = h**2 + h. Give z(u).
0
Let n(o) = o**3 - 42 + 66 + 3*o + 4*o - 7*o**2 - 32. Determine n(6).
-2
Let c(m) = 5*m - 6. Let r(x) = -7*x + 0*x + 11 + 2*x - 4*x. Let o(j) = 11*c(j) + 6*r(j). Give o(4).
4
Let m(v) be the first derivative of -v**4/4 + 7*v**3/3 - 4*v**2 + 7*v - 4. What is m(6)?
-5
Let x(q) be the second derivative of 0 + 0*q**2 + 6*q - 1/12*q**4 - 5/6*q**3. Give x(-5).
0
Let j(z) = 2*z + 1. Let p = -15 - -16. Calculate j(p).
3
Let k(r) be the third derivative of r**4/8 - r**2. Let p = -28 + 17. Let c = p - -12. Determine k(c).
3
Let q(n) be the second derivative of n**5/20 + n**3/6 - 4*n**2 - 4*n. Let c = -2 - -2. Let x be c*(-2 - 6/(-4)). What is q(x)?
-8
Let r(p) = -p**3 - 4*p**2 + 3*p - 6. Let o(b) = -2*b**3 - 4*b**2 + 3*b - 7. Let z(g) = -2*o(g) + 3*r(g). Calculate z(3).
-4
Let h = 143 - 149. Let j(a) = a**2 + 7*a. Give j(h).
-6
Let m(s) = 2*s - 3. Let q be m(2). Let w(i) = -i + 1. Let c(z) = 6*z - 2. Let b(u) = u**2 - 4*u - 2. Let k be b(5). Let p(l) = k*w(l) + c(l). Calculate p(q).
4
Let r(o) = -5*o. Let h(p) = p**2 + 3*p + 1. Let g be h(-3). Let d = g - 0. Let t be r(d). Let b(j) = -j - 5. What is b(t)?
0
Suppose 0 = 3*v + 3*m + 18, 2*v - 24 = 4*v + 5*m. Let x(c) = -2*c**2 + c + c - c**3 + 3 - 2*c**2. Calculate x(v).
-9
Let q(v) = -2*v**2 + 2*v + 3. Let t(f) = -2*f**2 + f + 3. Let x(h) = -3*q(h) + 2*t(h). Calculate x(4).
13
Let a(z) = 7*z**3 - 2*z**2 + 2*z - 1. Let n = 9 - 1. Suppose n = 5*d - 12. Suppose 5 - 1 = d*u. Give a(u).
6
Suppose n + 24 = 9*n. Let z(o) = 